ands digit of c?
7
Suppose 3*l = -2*a + 16, -4*l = 2*a + 2 - 20. Suppose 4 = -l*w - p - 51, 0 = 5*w + 2*p + 137. Let z = -21 - w. What is the units digit of z?
6
Let s be 1 + 6/3 + -1. Let j be (6/(-2) - (-3 + s)) + 16. Suppose -j = -4*f - 2. What is the units digit of f?
3
Suppose 4*v - 2*t = -v - 41, 4*t = 4*v + 28. What is the hundreds digit of (-4)/v + 37583/63?
5
Let g = -142 + 150. Suppose g*p = 10*p - 1148. What is the hundreds digit of p?
5
Suppose -4*u + 21 = 3*u. Suppose -u*x = -f + 1, -4*x + f - 3 = -2*f. Suppose -4 = 2*l, w + 2*l - l - 102 = x. What is the units digit of w?
4
Let b(l) = 42*l**2 + 49*l - 666. What is the ten thousands digit of b(-28)?
3
Let p be 316*(-31)/34 + (-16)/(-136). Let v = p - -1545. What is the hundreds digit of v?
2
Let t = 1114 - 715. Let v = 339 + t. What is the tens digit of v?
3
Suppose 2*u - 46238 = 5*o, 0 = -u + 14*o - 13*o + 23116. What is the ten thousands digit of u?
2
Let m(x) = 32*x**2 - 26*x + 1771. What is the tens digit of m(30)?
9
Let b(v) = -v**3 + 33*v**2 + 34*v + 1. Let x be b(34). Let c(m) = 446*m**3 - 6*m**2 + 3*m - 2. What is the hundreds digit of c(x)?
4
Let i(o) = 4*o**2 + 5*o + 18. Let c be i(-2). Let x(z) = -z**2 + 33*z - 70. What is the tens digit of x(c)?
4
Suppose 3*x - 13956 = -4*s, 2*x - 13549 = 5*s - 4222. What is the units digit of x/84*(-14)/(-4)?
4
Let v(y) = y**3 + 6*y**2 + 10*y - 109. What is the tens digit of v(12)?
0
What is the ten thousands digit of ((-32783)/(-3) - (1575/(-27))/25) + 5?
1
Let a be 3*(-1 - 0)*-7. Suppose 98*t + a = 101*t. Let m(y) = y**3 - 2*y**2 + 16. What is the units digit of m(t)?
1
Let h(v) be the third derivative of v**7/360 - 5*v**6/72 + 29*v**5/60 - 10*v**2. Let u(i) be the third derivative of h(i). What is the units digit of u(13)?
2
Let x(r) = 86*r - 50. Let k be x(11). Suppose 479 + k = 11*s. What is the hundreds digit of s?
1
Suppose 0*z = 5*z - 4115. Suppose -x + 2*l = -271, 2*x - z = -x + 4*l. What is the hundreds digit of x?
2
Let i(x) = 22*x**2 - 19*x - 216. What is the hundreds digit of i(-15)?
0
What is the thousands digit of (1 + 2)/((-264051)/(-13896) - 19)?
1
Let t be -2 + (90/20)/((-6)/(-40)). Suppose t*v = 6*v + 13596. What is the tens digit of v?
1
Let p(h) = -3*h + 11. Let u be p(4). Let q(f) = 11*f**2 + 8*f - 25. Let b(y) = -y**3 - y**2. Let m(t) = u*q(t) + b(t). What is the hundreds digit of m(-12)?
1
Suppose -80 = -6*q + q. Let p(w) = -w**2 + 18*w - 35. Let x be p(q). Let c(y) = -2*y**3 + 2*y**2 - 3*y + 1. What is the units digit of c(x)?
2
Suppose u - 3 = 0, -5*u + 1 = -2*w - 8. Let p(b) = 249*b + 9. What is the hundreds digit of p(w)?
7
Suppose 3*f + 47 = 5*x - 23, 2*x - 39 = -f. Suppose -x*o + 544 - 85 = 0. Suppose 23*w - o*w = -972. What is the units digit of w?
3
Let o(l) = 2*l**2 - 10*l - 2. Let u(f) = 4*f - 11. Let d be u(5). Let y be (-70)/(-9) - (-2)/d. What is the units digit of o(y)?
6
Suppose 5*a = 4465 + 47015. What is the ten thousands digit of a?
1
Suppose -1076*t + 1072*t = -19640. What is the units digit of t?
0
Let k(s) = -231*s + 120. Let l be k(7). Let q = -1040 - l. What is the tens digit of q?
5
Let c(q) = 15*q + 390. What is the tens digit of c(12)?
7
Let q be 32/6 - 36/(-54). What is the units digit of (-64)/q*27861/(-148)?
8
What is the hundreds digit of (-4)/(-24)*11122*(-10 - (5 - 18))?
5
Suppose 0 = -15*d + 5*d + 2*d + 6776. What is the units digit of d?
7
Let i(o) = 6*o**2 + o + 1. Let x be i(-1). Let r be (x/9)/(-2)*0. What is the tens digit of (r + -13)/((1 + 5)/(-6))?
1
Let h(r) = 1042*r + 1577. What is the ten thousands digit of h(10)?
1
Let j = -11392 - -58802. What is the hundreds digit of j?
4
Suppose 218*x = 5829108 - 2038524. What is the tens digit of x?
8
Let g = 5193 + -1783. What is the units digit of g?
0
Let f(t) = -2*t**3 - 216*t**2 + t - 512. What is the ten thousands digit of f(-111)?
7
Let q(o) be the third derivative of -o**4/24 + 2*o**3/3 + 7*o**2. Let j be q(0). Suppose 2*s + 4*p - 116 - 42 = 0, -j*p = -s + 91. What is the tens digit of s?
8
What is the thousands digit of ((-3551)/(-52) - (-60)/130)/((-2)/(-88))?
3
Let o = -31756 - -108407. What is the tens digit of o?
5
Let i be ((-104)/(-10))/(-2 - 287/(-140)). Let b = 602 - i. What is the tens digit of b?
9
Suppose 9*x = -6*x + 12750. What is the hundreds digit of x?
8
Let u = -48 + 142. Suppose -8*r = -u + 38. Let n(w) = 7*w + 57. What is the hundreds digit of n(r)?
1
Let c be 5 + 896/(-176) + 6580/22. Suppose -3*m - 17 + c = 0. What is the tens digit of m?
9
Let a(j) = 6*j**3 - 4*j**3 - 24 + 2*j - 3*j**3 - 10*j**2. Let t be a(-12). Suppose -8*v + 32 + t = 0. What is the tens digit of v?
3
Let h = 7822 + -7585. What is the tens digit of h?
3
Let p(j) = 4*j**3 + 76*j**2 - 24*j - 76. What is the hundreds digit of p(-15)?
8
Let m be 2/(16/(-12)) - 994/(-4). Suppose 0 = 3*d + 4*p - 472, 501 + m = 5*d - 3*p. What is the tens digit of d?
5
Let d be 1*(-1)/2 + 27040/(-64). What is the units digit of (-12)/(-3) + (-14 - d)?
3
Let q = -130 + 131. Let h be q/((-3)/(-1659)) - 0/1. Suppose -847 - h = -10*r. What is the tens digit of r?
4
Let c(y) = -401*y - 8261. What is the units digit of c(-103)?
2
Let t(q) be the third derivative of 19*q**4/6 + 67*q**3/6 + 49*q**2. What is the hundreds digit of t(3)?
2
What is the tens digit of 2*(-2)/(-42) + (36 - (-652091)/231)?
5
Suppose -22*j + 15436 = -1020. Let d = j - 568. What is the hundreds digit of d?
1
Let l = 2 + 43. Suppose 2*w + 4*i + 86 = 3*w, w - 111 = -i. Let x = w - l. What is the tens digit of x?
6
Let r = 5049 + 5855. What is the ten thousands digit of r?
1
What is the tens digit of (((-2)/15)/(11/1749))/(1/(-265))?
1
Let c(q) = -3*q + 50. Let s be c(32). Let a be (-1 - -2 - 0)*s. Let f = a + 131. What is the tens digit of f?
8
What is the tens digit of ((-305)/(-3) - 3)*((-243)/(-18) - 12)?
4
Let w(v) = -704*v - 1405. What is the tens digit of w(-24)?
9
Let o = 34 + -26. Let q(d) = -2*d**2 + 17*d - 20. Let g be q(o). What is the units digit of (-6)/g*(221 - -1)?
1
Let r(y) = -27*y**2 + 2*y - 8. Let x(i) = 52*i**2 - 5*i + 16. Let d(s) = 10*r(s) + 6*x(s). What is the tens digit of d(2)?
6
Let k(q) = 21*q - 124. Let p(z) = -10*z + 62. Let r(n) = 3*k(n) + 7*p(n). What is the hundreds digit of r(-9)?
1
Let m = 146 + -154. Let r(j) = 16*j**2 - 5*j - 61. What is the thousands digit of r(m)?
1
Let c = -2233 + 4085. What is the thousands digit of c?
1
Suppose -21777*p + 71256 = -21765*p. What is the units digit of p?
8
Suppose 0 = -10*u + 8*u - 14. Let h(g) = -g**3 + 37*g**2 - 68*g - 74. Let c be h(35). What is the hundreds digit of u*3/((-183)/(-48) + c)?
1
What is the tens digit of 17312/(-1)*((-408)/16)/17?
6
Let i be -12*(5 + ((-132)/(-8))/(-3)). What is the hundreds digit of -9 + i + -1 - -210?
2
Let d(u) = -23*u**3 - 4*u**2 - 6*u - 21. What is the thousands digit of d(-5)?
2
Suppose 10*o = 2*o + 32. Suppose 0 = 2*r + 3*i - 481, o*i + 0*i = r - 246. Let w = -117 + r. What is the tens digit of w?
2
Suppose 0 = -91*m + 166260 + 164525. What is the units digit of m?
5
Suppose -4*y + 6*y = -282. Suppose 77 = -5*s - 88. Let n = s - y. What is the hundreds digit of n?
1
Let y(s) = 2*s**2 + 17*s - 4. Let t be y(-9). Suppose -t*h + 2 = -3*h + q, -5*h - 8 = -4*q. What is the units digit of (15 + -13)/((-4)/(-362)) + h?
1
Let b(a) = a**3 + 41*a**2 - 52*a - 90. Let g be b(-42). Let x = -231 + g. What is the units digit of x?
9
What is the units digit of (7 + 116/(-12))/(2/(-3267))?
6
Let q(a) = 106*a**2 + 280*a - 177. What is the tens digit of q(-17)?
9
Suppose -3*d - 4*l = -29 - 13, 0 = -3*d + 5*l + 42. Suppose -2*h + 0*h = 6. Let y = d - h. What is the tens digit of y?
1
Let d = 7964 - 3187. What is the units digit of d?
7
What is the ten thousands digit of ((4079 - -11)/10)/(1/31)?
1
Let n = -19142 - -48748. What is the thousands digit of n?
9
Let d(a) = -a**3 + 9*a**2 - 17*a + 8. Let o be d(4). Suppose 0 = 14*w - o*w + 6864. What is the tens digit of w?
4
What is the ten thousands digit of (-162)/(-405)*(-75085)/(-2)?
1
Let i(h) = -2*h + 15. Let y be i(11). Let v = y + -34. Let x = 25 - v. What is the units digit of x?
6
Let c(p) = -698*p**3 + 7*p**2 + 7*p + 1. Let s = -535 - -534. What is the units digit of c(s)?
9
What is the tens digit of 10059*(-48)/(-36) + (7 - 4/2)?
1
Let 